?
False
Is -149*(-3)/((-6)/(-2)) prime?
True
Is (-13)/(117/66)*393/(-2) composite?
True
Suppose -5*d - 5*j - 5 - 20 = 0, -19 = 3*d + 4*j. Is (d - -2)/(-1)*-49 composite?
True
Suppose 5*u = 526 + 489. Is u composite?
True
Suppose -5*n = 2 - 12. Suppose n*x + 3*y = 4*x - 832, 0 = 5*y + 10. Is x a composite number?
True
Suppose t + 3*a = -t - 18, -5*t + 2*a = 45. Let x(i) = 2*i**2 + 11*i - 4. Is x(t) composite?
False
Suppose -j = -15 - 7. Suppose -t + j = -d, t - d = d + 25. Is t composite?
False
Suppose -2902 - 1966 = -4*f. Is f prime?
True
Suppose 0 = -31*q + 28*q + 1341. Is q prime?
False
Let g be (-18)/153 + (-5478)/(-34). Let u = 211 - 295. Let q = u + g. Is q composite?
True
Let c(i) = 1 + 2 + 0*i**2 - 3*i + 7*i + 3*i**2. Is c(-6) prime?
False
Is (-5163)/(-27) - (-8)/(-36) prime?
True
Is 189 + (-3 - (-2 + -3)) composite?
False
Let x = 6 + -3. Suppose -q - 139 = -x*g - 3*q, 4*g = -q + 177. Is g composite?
False
Let n = 10 + -13. Let o = n + 6. Is o a composite number?
False
Let i be 3/9*-4*-3. Suppose -2*c + i*c = -5*k + 382, 3*k = -2*c + 374. Is c a prime number?
True
Suppose 5*l - 637 + 212 = 0. Is l a prime number?
False
Let i(g) = -4*g + 1. Let j be i(-1). Suppose j = 2*x - x. Suppose d = x*d - 76. Is d a prime number?
True
Let j(i) be the third derivative of 31*i**4/6 + 2*i**2. Let r be j(-2). Let u = -85 - r. Is u composite?
False
Suppose -132 = -3*g + 123. Is g a prime number?
False
Suppose -15 = 3*k, x = k - 0*k + 312. Is x composite?
False
Let v = 9 - 0. Suppose 2*y + 27 = 3*y - 4*h, y + v = -5*h. Is y composite?
False
Let f be ((-274)/(-2))/(2/4). Let p = 435 - f. Is p composite?
True
Suppose -3*i = 3674 - 9248. Is i composite?
True
Is 0 + 1 + 5*138 prime?
True
Let c = 285 - 149. Let h = 29 - c. Let w = 150 + h. Is w a composite number?
False
Let n be (-5 - -2)/((-3)/6). Suppose v - n = -v. Suppose v*x - 153 = 84. Is x a prime number?
True
Let o(a) = a**3 + 21*a**2 - 6*a - 15. Is o(-16) prime?
True
Let f = -10 - -12. Suppose -f*q = 11 - 39. Is q composite?
True
Suppose -23 = -4*g - 5*n, -2*g = -6*n + n + 11. Suppose 5*k + 330 = 4*t, 4*k + 417 = 3*t + g*t. Is t a prime number?
False
Let c(l) = -22*l - 1. Let k = -11 - -8. Is c(k) a composite number?
True
Suppose -316 = -2*k + 1462. Is k prime?
False
Let d(h) = 7*h**3 + 3*h**2 + 14*h + 2. Is d(6) prime?
False
Suppose -2*l - 12 = -4*t + 22, -32 = -2*t - 4*l. Suppose 2*o = -t, 4*o = h - 13 - 9. Suppose -h*p - p + 12 = 0. Is p prime?
False
Suppose -5*x = 4*l - 31, 0*l - 3*x + 13 = l. Let a(j) = 4*j**2 + 6*j - 3. Is a(l) prime?
False
Let n(a) = -a**3 + 6*a**2 - a + 8. Let t be n(6). Suppose 5*m + 193 = t*r, 3*r = 2*m - 5*m + 237. Is ((-1)/3)/((-4)/r) composite?
False
Let b(z) = -z**2 + z + 1. Let y(t) = -t**2 + 9*t + 4. Let s(p) = -2*b(p) + y(p). Let m be s(-7). Suppose g - h = 35, -m*g + 62 = h + h. Is g a composite number?
True
Let y(b) = b**2 - b + 31. Suppose 0*q = -3*q + 3. Let n = -1 + q. Is y(n) a prime number?
True
Let w(r) = -r**2 - 11*r + 17. Let x be w(-12). Suppose x*y - 196 = y. Is y composite?
True
Suppose 2*j - 4*j - 2 = 0, -62 = -5*r + 2*j. Let i = 18 - r. Is (-46)/i*(2 - 5) a composite number?
False
Suppose 24 = -0*f + 3*f + 3*r, -5*f + 30 = -5*r. Suppose -f*l + 5*l = -388. Is l a composite number?
True
Let z(h) = -4*h**2 + 2*h + 11. Let i(m) be the second derivative of 7*m**4/12 - m**3/2 - 21*m**2/2 - m. Let d(g) = -6*i(g) - 11*z(g). Is d(4) prime?
False
Let o = 783 - 492. Is o a prime number?
False
Let i = -17 + 10. Let v be (-773)/i - 21/49. Suppose z + v = 6*z. Is z a composite number?
True
Let y = -4 - -6. Suppose -y*s + 5*s + 27 = 0. Let u = 2 - s. Is u composite?
False
Let b(u) = -u**2 + 18*u + 32. Is b(17) a composite number?
True
Let c(w) = -w - 2. Suppose -f = 2*u - 6, f - 4*u + 18 = -6. Let n be c(f). Suppose 3*o - 25 = n*o. Is o prime?
False
Let n = -262 - -383. Is n a composite number?
True
Let v(r) = r**2 - 14*r + 9. Let l be v(6). Is 0/(2 - 0) - l composite?
True
Let s be 2/4*2*9. Let x(l) = -l**3 + 11*l**2 + 7*l + 10. Is x(s) a composite number?
True
Let l = -1373 + 2142. Is l a prime number?
True
Let z = -60 + 47. Suppose 63 = b - 4*b. Is b*(2 + z/3) prime?
False
Let s(h) = -h**2 - 6*h - 3. Let d be s(-5). Suppose q = 3*g - 4, d*q + 4*g - 13 = 19. Is q/10*70/4 a composite number?
True
Let u(p) = 12*p**2 + 5*p - 1. Is u(4) prime?
True
Let d(y) = 22*y + 5. Let r(w) = -67*w - 15. Let o(g) = -7*d(g) - 2*r(g). Is o(-2) a composite number?
True
Let p be -1*((-2 - -2) + -166). Let w = p + -25. Is w composite?
True
Let m = 5 + -6. Let j = -2 + m. Is 1/(j + 4)*79 composite?
False
Suppose 32*b - 2238 = 29*b. Is b composite?
True
Let p(z) = z + 1. Let i be p(3). Suppose -c - 21 = -5*o, 3*c + 0*o = i*o - 8. Suppose 0 = c*f + 96 - 292. Is f composite?
True
Let i = -538 + 995. Is i a prime number?
True
Let v(l) = -l**3 + 6*l**2 + 7*l + 2. Let r be v(7). Let m(h) = -h**2 + 5*h. Let t be m(4). Suppose r*j + 42 = t*j. Is j a prime number?
False
Let n be (-2 - -2) + 2 - -3. Suppose 0 = -0*q + 2*q - l - 21, -4*l - 57 = -n*q. Is q a composite number?
True
Suppose -5*m - 3*a + 7 = 0, 0*a + 4*a - 6 = -5*m. Suppose -m*f + 2 = -0. Let j(t) = 20*t**2 - 2*t + 1. Is j(f) prime?
True
Suppose 0*w + 8 = 2*w. Suppose 3*o - 5*k = -2*o + 735, w*o - 3*k - 590 = 0. Is o composite?
False
Let w(k) = k**3 + 2*k**2 - 6*k - 5. Is w(8) composite?
False
Let z = 471 - -1166. Is z a composite number?
False
Suppose -2575 + 36935 = 20*v. Is v a prime number?
False
Suppose 4*w - 9*w = 4*o - 1465, 4*w = -3*o + 1172. Is w a prime number?
True
Let f be 56/6*3618/36. Let k = -637 + f. Is k a prime number?
False
Let a be 218/6 - 6/(-9). Suppose 2*b - a = -i, 3*b + 20 = 4*b - i. Is b prime?
True
Is ((-563)/(-4) - 0)/((-4)/(-16)) a prime number?
True
Let p = 268 - 9. Is p prime?
False
Let n be ((-2)/3)/(4/(-6)). Is 129*(n/3 + 0) composite?
False
Let u(a) = 6*a**2 + 8 - 9 - a - a. Suppose -2*w - 4 = -4*t, t - 4*w - 16 = -1. Is u(t) prime?
True
Let l = 558 + -1. Is l prime?
True
Let q(v) = -13*v - 273. Let p(i) = 7*i + 137. Let t(f) = -11*p(f) - 6*q(f). Let l = -8 + 8. Is t(l) composite?
False
Let q = -55 + 30. Let u = 48 + q. Is u prime?
True
Let q(m) = m - 7. Let x be q(0). Let y = x + 11. Suppose 7*z = 2*r + 3*z - 238, y*r - 5*z - 470 = 0. Is r a prime number?
False
Suppose -4*z = -5*r + 17006 - 3977, -5209 = -2*r - z. Is r prime?
False
Let p = 16 - 16. Suppose -7*g + 3*g - 5*t + 360 = p, 2*t + 162 = 2*g. Is g prime?
False
Let x(l) = -3*l - 622. Let g(u) = u + 207. Let y(h) = -7*g(h) - 2*x(h). Let i be y(0). Is 2/9 + i/(-9) a prime number?
True
Let w(u) = 448*u + 3. Is w(4) prime?
False
Suppose -4*x + 3317 - 1089 = 0. Is x a prime number?
True
Suppose -4*l + 13558 = 2*i - l, 5*l = 0. Is i composite?
False
Suppose 2*g = -2 + 10. Suppose 708 = 2*r - 3*i, g*r + 1388 = 8*r + i. Is r/10 + (-1)/(-5) a composite number?
True
Let x = -8 - -12. Let v(m) = 14*m**2 - m + 2. Let p be v(3). Suppose -3*c = -3, x*h + 0*c - p = -c. Is h composite?
False
Suppose -8*a + 319 + 1753 = 0. Is a composite?
True
Let i be (-21 + -1)*(-12 - 0). Suppose -4*x + i = 4*u, -2*u + 2*x + 140 = 6*x. Is u a composite number?
True
Let p(a) = 2*a**3 - a**2 - 3*a - 1. Let j(g) = -g**3 - g**2 + 3*g - 4. Let o be j(-3). Is p(o) composite?
True
Suppose 3*v = -v + 712. Is v prime?
False
Let k be -46*2/(-4 + 0). Suppose u + 1 = 2. Is -1*k*-1 - u a prime number?
False
Suppose -5*c = -f - 16, 28 + 4 = 5*c + 3*f. Suppose 0 = -c*q + 3*q. Suppose -4*n - 108 + 592 = q. Is n composite?
True
Let z(s) = -38*s**3 - s**2. Suppose -2*h = 2*v, -h = -3*v - 0 - 4. Is z(v) a composite number?
False
Suppose 122 + 146 = 2*u. Is u*(-4)/((-16)/2) a prime number?
True
Suppose 0 = 9*h - 5*h - 696. Suppose 2*u - 3 = 3. Suppose u*n - h - 99 = 0. Is n a composite number?
True
Suppose 2*i + 1 - 3 = -4*o, 3*i - 3*o - 12 = 0. Suppose 3*k + 2*t = -46 + 120, -k - i*t + 34 = 0. Suppose 35 = 3*d - k. Is d a prime number?
True
Let v(d) = -4*d - 3. Let a be v(-3). Let g = -10 + a. Let f(b) = -66*b + 1. Is f(g) composite?
False
Suppose -4 = 6*t - 2*t. Let v(c) = 67*c**2 + c + 1. Is v(t) composite?
False
Let v be ((-102)/(-9))/((-2)/(-18)). Let c = -9 + v. Is c composite?
True
Let h be 762*4*3/18. Suppose -4*y = -0*y - h. Is y prime?
True
Suppose 0 = f + 5*g + 7, 0*f - 4*f + 3*g